LOCAL CLIMATOLOGICAL DATA
WMR300
Month: 11 / 2018
Station Location: WMR300, Ballabio, Italy
Lat. : : Long. : :
Elevation(Ground): 700. above sea level
Temperature
(Celsius)
Degree Days
Base 18 Degrees
  Snow/
Ice on
Grnd. (cm)
Rain
(mm)
Pressure
(Hpa)
Wind:Speed=kmh
D
A
Y
Max.
Min. Avg. Dep
From
Normal
Avg
Dew
pt.
Avg
Wet
Bulb
Heating Cooling Sig
Cond
Sun hrs 2400
LST
_____
Snow Fall
2400
LST
_____
Water
Equiv
Avg
Sea
Level
Avg
Spd
Avg
Dir
Max
Spd
Max
Spd
Dir
D
A
Y
1
2
3
4
5
6
7
8
9
10
11
12
13
14
15
16
17
18
19
20
21
22
23
24
25
26
27
28
29
30
31
11.7
11.3
13.7
15.8
13.0
15.2
11.6
12.4
10.8
11.0
10.5
12.5
15.0
12.5
11.7
09.2
07.4
07.1
01.3
03.5
09.2
07.9
12.4
08.5
08.7
08.6
11.7
10.3
06.3
03.3
-----
08.8
08.8
09.4
09.5
10.8
09.9
10.7
09.3
08.4
08.7
08.6
10.0
08.2
07.1
05.3
05.1
01.3
-00.1
-00.9
00.8
00.8
04.8
03.7
04.9
03.6
04.3
03.4
01.5
00.8
00.0
-----
10.0
09.7
11.0
12.0
11.4
11.6
10.9
10.7
10.1
09.5
09.6
11.0
11.2
09.9
08.8
06.4
04.7
03.2
00.7
01.9
04.1
06.0
05.4
06.1
05.4
06.0
06.8
04.5
02.5
01.6
-----
-----
-----
-----
-----
-----
-----
-----
-----
-----
-----
-----
-----
-----
-----
-----
-----
-----
-----
-----
-----
-----
-----
-----
-----
-----
-----
-----
-----
-----
-----
-----
08.6
08.8
10.0
10.1
10.9
10.5
10.8
10.2
09.7
09.2
09.4
10.6
10.0
08.8
07.9
05.5
02.5
-00.7
-00.2
01.3
02.1
05.2
04.6
05.8
04.1
03.3
-02.1
-03.3
00.2
00.8
-----
09.3
09.2
10.5
11.0
11.2
11.0
10.8
10.4
09.9
09.3
09.5
10.8
10.6
09.4
08.4
06.0
03.8
01.7
00.4
01.6
03.3
05.7
05.1
06.0
04.9
04.9
03.5
01.8
01.7
01.3
-----
08.3
08.6
07.3
06.3
06.9
06.7
07.4
07.6
08.2
08.8
08.7
07.3
07.1
08.4
09.5
11.9
13.6
15.1
17.6
16.4
14.2
12.3
12.9
12.2
12.9
12.3
11.5
13.8
15.8
16.7
-----
00.0
00.0
00.0
00.0
00.0
00.0
00.0
00.0
00.0
00.0
00.0
00.0
00.0
00.0
00.0
00.0
00.0
00.0
00.0
00.0
00.0
00.0
00.0
00.0
00.0
00.0
00.0
00.0
00.0
00.0
-----
-----
-----
-----
-----
-----
-----
RAIN
-----
-----
-----
-----
-----
-----
-----
-----
-----
-----
-----
SNOW
SNOW
-----
-----
-----
-----
-----
-----
-----
-----
-----
-----
-----
00.0
00.0
00.0
00.0
00.0
00.0
00.0
00.0
00.0
00.0
00.0
-----
-----
-----
-----
-----
-----
-----
-----
-----
-----
-----
-----
-----
-----
-----
-----
-----
-----
-----
-----
00.0
00.0
00.0
00.0
00.0
00.0
00.0
00.0
00.0
00.0
00.0
-----
-----
-----
-----
-----
-----
-----
-----
-----
-----
-----
-----
-----
-----
-----
-----
-----
-----
-----
-----
31.0
03.7
03.7
00.8
36.8
06.4
50.8
05.7
05.9
02.7
12.0
00.0
00.0
00.3
00.0
00.3
00.5
00.0
01.5
08.7
02.1
00.0
12.6
18.4
00.0
00.0
00.0
00.0
00.0
00.0
-----
1013.5
1015.8
1018.5
1013.7
1011.7
1011.7
1013.1
1017.0
1015.3
1013.0
1016.1
1021.3
1023.2
1023.1
1021.1
1021.7
1020.2
1015.0
1004.8
1003.0
1009.1
1014.5
1016.4
1010.4
1004.4
0997.1
1003.6
1015.0
1019.3
1014.6
-----
05.3
02.9
04.8
01.1
02.2
01.3
00.3
00.4
00.5
00.3
00.4
00.5
00.6
00.2
00.6
00.4
00.6
01.0
00.7
02.3
02.5
00.7
02.0
01.4
01.5
01.6
03.0
02.7
01.0
01.6
-----
~318
~016
~015
~317
~080
~216
~197
~274
~039
~137
~198
~019
~041
~316
~234
~215
~306
~209
~116
~006
~035
~123
~042
~004
~045
~342
~350
~033
~160
~050
-----
62.9
18.5
22.2
16.7
22.2
22.2
07.4
11.1
13.0
11.1
16.7
18.5
05.6
07.4
11.1
09.3
16.7
13.0
11.1
22.2
14.8
13.0
22.2
18.5
18.5
18.5
22.2
16.7
13.0
20.4
-----
~320
~337
~332
~348
~318
~346
~196
~290
~345
~012
~166
~003
~231
~349
~242
~220
~006
~178
~354
~345
~336
~348
~356
~356
~010
~317
~350
~010
~178
~349
-----
1
2
3
4
5
6
7
8
9
10
11
12
13
14
15
16
17
18
19
20
21
22
23
24
25
26
27
28
29
30
31
  10.1
15.8
5.6
-00.9
07.4 --- 5.8 6.7 0010.9 0000.0 - Total
0.0
Total
0.0
323.6
+323.6
1013.9 01.5
---
358 17.2
62.9
<Monthly Average
Degree Days
Monthly Total
Heating: 326.1
Cooling: 000.0
Max 24-hr Precip: 50.8 on Day: 7

Max Snowfall: 0.0<
  Sea Level Pressure
Max was 1024.2 on day 14
Min was 0995.5 on day 26

Wind Run 897.9km  
  Number of days with---------> Max Temp >= 30 was 0
Max Temp <= 0 was 0
Thunderstorms: 0
Min Temp <= 30 was 30
Min Temp <= -18 was 0
Heavy fog: 0
Gale: 0
Precipitation >= 0.2mm was 19
Precipitation >= 2.5mm was 14
Snowfall >= 25mm was 0
 
                            MONTHLY CLIMATOLOGICAL SUMMARY for NOV. 2018

NAME: WMR300   CITY: Ballabio STATE: Italy
ELEV: 700 LAT: :  : LONG: :  :

                            TEMPERATURE ( °C), RAIN (mm), WIND SPEED (kmh)

                                               HEAT     COOL           AVG
      MEAN                                     DEG      DEG            WIND                       DOM
DAY   TEMP    HIGH   TIME     LOW    TIME      DAYS     DAYS    RAIN   SPEED    HIGH    TIME      DIR
--------------------------------------------------------------------------------------------------------
01    10.0    11.7   02:12    08.8   08:21     08.3     00.0    31.0   05.3     62.9    06:15      NW
02    09.7    11.3   12:51    08.8   07:49     08.6     00.0    03.7   02.9     18.5    16:09     NNE
03    11.0    13.7   14:48    09.4   01:12     07.3     00.0    03.7   04.8     22.2    01:29     NNE
04    12.0    15.8   13:31    09.5   07:29     06.3     00.0    00.8   01.1     16.7    04:35      NW
05    11.4    13.0   14:34    10.8   10:40     06.9     00.0    36.8   02.2     22.2    00:00      E 
06    11.6    15.2   14:22    09.9   04:08     06.7     00.0    06.4   01.3     22.2    00:02      SW
07    10.9    11.6   00:03    10.7   00:00     07.4     00.0    50.8   00.3     07.4    13:48     SSW
08    10.7    12.4   12:46    09.3   08:02     07.6     00.0    05.7   00.4     11.1    10:56      W 
09    10.1    10.8   15:40    08.4   23:39     08.2     00.0    05.9   00.5     13.0    14:32      NE
10    09.5    11.0   11:38    08.7   00:03     08.8     00.0    02.7   00.3     11.1    02:14      SE
11    09.6    10.5   16:25    08.6   02:09     08.7     00.0    12.0   00.4     16.7    06:07     SSW
12    11.0    12.5   12:39    10.0   05:05     07.3     00.0    00.0   00.5     18.5    11:41     NNE
13    11.2    15.0   17:00    08.2   00:00     07.1     00.0    00.0   00.6     05.6    17:01      NE
14    09.9    12.5   19:01    07.1   15:01     08.4     00.0    00.3   00.2     07.4    23:13      NW
15    08.8    11.7   13:28    05.3   07:47     09.5     00.0    00.0   00.6     11.1    13:35      SW
16    06.4    09.2   00:11    05.1   00:00     11.9     00.0    00.3   00.4     09.3    12:42      SW
17    04.7    07.4   14:39    01.3   22:38     13.6     00.0    00.5   00.6     16.7    13:25      NW
18    03.2    07.1   13:35   -00.1   22:11     15.1     00.0    00.0   01.0     13.0    14:48     SSW
19    00.7    01.3   07:41   -00.9   01:41     17.6     00.0    01.5   00.7     11.1    20:47     ESE
20    01.9    03.5   15:06    00.8   07:47     16.4     00.0    08.7   02.3     22.2    21:31      N 
21    04.1    09.2   13:29    00.8   06:04     14.2     00.0    02.1   02.5     14.8    22:04      NE
22    06.0    07.9   15:30    04.8   04:29     12.3     00.0    00.0   00.7     13.0    08:19     ESE
23    05.4    12.4   20:38    03.7   06:49     12.9     00.0    12.6   02.0     22.2    22:10      NE
24    06.1    08.5   00:20    04.9   04:33     12.2     00.0    18.4   01.4     18.5    04:15      N 
25    05.4    08.7   14:33    03.6   06:50     12.9     00.0    00.0   01.5     18.5    21:00      NE
26    06.0    08.6   12:15    04.3   03:25     12.3     00.0    00.0   01.6     18.5    22:16     NNW
27    06.8    11.7   13:30    03.4   08:58     11.5     00.0    00.0   03.0     22.2    21:09      N 
28    04.5    10.3   13:13    01.5   00:00     13.8     00.0    00.0   02.7     16.7    02:13     NNE
29    02.5    06.3   13:10    00.8   23:18     15.8     00.0    00.0   01.0     13.0    13:07     SSE
30    01.6    03.3   14:01    00.0   02:11     16.7     00.0    00.0   01.6     20.4    15:04      NE
--------------------------------------------------------------------------------------------------------
07.4 (7.9)   15.8  day 04    -00.9  day 19   326.1    000.0   323.6   01.5     62.9   day 01      N 
Min <=   30: 30
Max Rain: 50.8 ON 7-11-18
Days of Rain: 19 (> .2mm) 14 (> 2mm) 3 (> 20mm)